{"version":"1.0","provider_name":"Lucie Hauri | Exclusive Real Estate","provider_url":"https:\/\/www.lucie-hauri.com\/es","author_name":"Lucie Haurie","author_url":"https:\/\/www.lucie-hauri.com\/es\/author\/m-wichmann\/","title":"Charmante Innenh\u00f6fe mit dem besonderen Flair - Lucie Hauri | Exclusive Real Estate","type":"rich","width":600,"height":338,"html":"<blockquote class=\"wp-embedded-content\" data-secret=\"Gp3TeC9lio\"><a href=\"https:\/\/www.lucie-hauri.com\/es\/charmante-innenhoefe-mit-dem-besonderen-flair\/\">Charmante Innenh\u00f6fe mit dem besonderen Flair<\/a><\/blockquote><iframe sandbox=\"allow-scripts\" security=\"restricted\" src=\"https:\/\/www.lucie-hauri.com\/es\/charmante-innenhoefe-mit-dem-besonderen-flair\/embed\/#?secret=Gp3TeC9lio\" width=\"600\" height=\"338\" title=\"\u00abCharmante Innenh\u00f6fe mit dem besonderen Flair\u00bb \u2014 Lucie Hauri | Exclusive Real Estate\" data-secret=\"Gp3TeC9lio\" frameborder=\"0\" marginwidth=\"0\" marginheight=\"0\" scrolling=\"no\" class=\"wp-embedded-content\"><\/iframe><script>\n\/*! This file is auto-generated *\/\n!function(d,l){\"use strict\";l.querySelector&&d.addEventListener&&\"undefined\"!=typeof URL&&(d.wp=d.wp||{},d.wp.receiveEmbedMessage||(d.wp.receiveEmbedMessage=function(e){var t=e.data;if((t||t.secret||t.message||t.value)&&!\/[^a-zA-Z0-9]\/.test(t.secret)){for(var s,r,n,a=l.querySelectorAll('iframe[data-secret=\"'+t.secret+'\"]'),o=l.querySelectorAll('blockquote[data-secret=\"'+t.secret+'\"]'),c=new RegExp(\"^https?:$\",\"i\"),i=0;i<o.length;i++)o[i].style.display=\"none\";for(i=0;i<a.length;i++)s=a[i],e.source===s.contentWindow&&(s.removeAttribute(\"style\"),\"height\"===t.message?(1e3<(r=parseInt(t.value,10))?r=1e3:~~r<200&&(r=200),s.height=r):\"link\"===t.message&&(r=new URL(s.getAttribute(\"src\")),n=new URL(t.value),c.test(n.protocol))&&n.host===r.host&&l.activeElement===s&&(d.top.location.href=t.value))}},d.addEventListener(\"message\",d.wp.receiveEmbedMessage,!1),l.addEventListener(\"DOMContentLoaded\",function(){for(var e,t,s=l.querySelectorAll(\"iframe.wp-embedded-content\"),r=0;r<s.length;r++)(t=(e=s[r]).getAttribute(\"data-secret\"))||(t=Math.random().toString(36).substring(2,12),e.src+=\"#?secret=\"+t,e.setAttribute(\"data-secret\",t)),e.contentWindow.postMessage({message:\"ready\",secret:t},\"*\")},!1)))}(window,document);\n\/\/# sourceURL=https:\/\/www.lucie-hauri.com\/wp-includes\/js\/wp-embed.min.js\n<\/script>","thumbnail_url":"https:\/\/www.lucie-hauri.com\/wp-content\/uploads\/2017\/05\/Patio-620x339-1.jpg","thumbnail_width":620,"thumbnail_height":339,"description":"Palma de Mallorca ist in vielerlei Hinsicht einen Besuch wert. Die charmante Inselhauptstadt bietet ein ganz besonderes Flair. Das spiegelt sich auch in der vielf\u00e4ltigen Architektur wieder, denn die Insel stand unter dem Einfluss vieler verschiedener Kulturen. Gestaltet von R\u00f6mern, Katalanen, Arabern und Italienern entstand der gr\u00f6\u00dfte zusammenh\u00e4ngende Altstadtkern Europas, der nie durch Kriege zerst\u00f6rt wurde. Entsprechend f\u00fchlt man sich in den gem\u00fctlichen engen Gassen, den verschiedenen Pl\u00e4tzen und dem Meer von historischen Geb\u00e4uden, Kirchen und Kapellen wie in eine andere historische Zeitepoche zur\u00fcckversetzt. Besonders kennzeichnend f\u00fcr das Stadtbild Palmas sind die sogenannten Patios. Hier im Zentrum der Stadt gibt es unz\u00e4hlige dieser wundersch\u00f6n gestalteten Innenh\u00f6fe in allen erdenklichen Stilrichtungen. Wer die touristischen Routen verl\u00e4sst und einmal in das Wirrwarr der kleinen Gassen rund um die Kathedrale eintaucht, wird sich schnell beim Anblick der romantischen Patios verlieren. Man staunt, wie vielf\u00e4ltig und liebevoll die Mallorquiner ihre h\u00fcbschen kleinen Innenh\u00f6fe gestaltet haben. Hier spaziert man entlang lichtdurchfluteter Freisitze oder mit dichten bl\u00fchenden Pflanzen und Palmen bewachsenen Mini-Oasen. All diese charmanten Patios haben einige Elemente gemeinsam. Abgeflachte B\u00f6gen und Kassettendecken pr\u00e4gen die meisten Innenh\u00f6fe. Markant sind auch die h\u00fcbschen Treppen und hie und da pl\u00e4tschert ein kleiner Brunnen inmitten eines bunten Blumenmeers oder auf einem gepflasterten Pl\u00e4tzchen. Die Fu\u00dfb\u00f6den sind in der Regel leicht abgeschr\u00e4gt. Fr\u00fcher konnte so das Regenwasser in eine Zisterne flie\u00dfen. Wer genau hinsieht, kann \u00fcber den T\u00fcren kleine, in Stein gehauene, Szenen ausmachen. Fr\u00fcher, als Palma noch nicht so vom Tourismus gepr\u00e4gt war, waren die Patios noch \u00f6ffentlich zug\u00e4nglich. In den k\u00fchlen, halboffenen Gem\u00e4uern trafen sich in der Sommerhitze die Bewohner zum gemeinsamen Weintrinken. Oft wurde hier auch mit Freunden Domino gespielt oder man hielt gesch\u00e4ftliche Besprechungen ab. Leider kann man heute die meisten der Patios nur von au\u00dfen bewundern, doch der besondere Charme und die au\u00dfergew\u00f6hnliche Atmosph\u00e4re wird auch durch die Tore hindurch vermittelt. Seit geraumer Zeit bietet ein Privatunternehmen in Palma auch sogenannte Patio-Touren an, die in der Hochsaison stattfinden. Auf dem Weg kann man beispielsweise den ber\u00fchmten Ca&#8217;n Oleza Innenhof besichtigen, einen bezaubernden Renaissance-Patio, der im Jahre 1973 zum historisch-k\u00fcnstlerischen Stadtmonument erkl\u00e4rt wurde. Au\u00dferdem zu sehen ist der barock-gotische Ca&#8217;n-Oms Patio, der zum Haus des im Jahre 1980 verstorbenen Schriftsellers Lloren\u00e7 Villalonga geh\u00f6rt."}

Charmante Innenhöfe mit dem besonderen Flair - Lucie Hauri | Exclusive Real Estate

<blockquote class="wp-embedded-content" data-secret="Gp3TeC9lio"><a href="https://www.lucie-hauri.com/es/charmante-innenhoefe-mit-dem-besonderen-flair/">Charmante Innenhöfe mit dem besonderen Flair</a></blockquote><iframe sandbox="allow-scripts" security="restricted" src="https://www.lucie-hauri.com/es/charmante-innenhoefe-mit-dem-besonderen-flair/embed/#?secret=Gp3TeC9lio" width="600" height="338" title="«Charmante Innenhöfe mit dem besonderen Flair» — Lucie Hauri | Exclusive Real Estate" data-secret="Gp3TeC9lio" frameborder="0" marginwidth="0" marginheight="0" scrolling="no" class="wp-embedded-content"></iframe><script>
/*! This file is auto-generated */
!function(d,l){"use strict";l.querySelector&&d.addEventListener&&"undefined"!=typeof URL&&(d.wp=d.wp||{},d.wp.receiveEmbedMessage||(d.wp.receiveEmbedMessage=function(e){var t=e.data;if((t||t.secret||t.message||t.value)&&!/[^a-zA-Z0-9]/.test(t.secret)){for(var s,r,n,a=l.querySelectorAll('iframe[data-secret="'+t.secret+'"]'),o=l.querySelectorAll('blockquote[data-secret="'+t.secret+'"]'),c=new RegExp("^https?:$","i"),i=0;i<o.length;i++)o[i].style.display="none";for(i=0;i<a.length;i++)s=a[i],e.source===s.contentWindow&&(s.removeAttribute("style"),"height"===t.message?(1e3<(r=parseInt(t.value,10))?r=1e3:~~r<200&&(r=200),s.height=r):"link"===t.message&&(r=new URL(s.getAttribute("src")),n=new URL(t.value),c.test(n.protocol))&&n.host===r.host&&l.activeElement===s&&(d.top.location.href=t.value))}},d.addEventListener("message",d.wp.receiveEmbedMessage,!1),l.addEventListener("DOMContentLoaded",function(){for(var e,t,s=l.querySelectorAll("iframe.wp-embedded-content"),r=0;r<s.length;r++)(t=(e=s[r]).getAttribute("data-secret"))||(t=Math.random().toString(36).substring(2,12),e.src+="#?secret="+t,e.setAttribute("data-secret",t)),e.contentWindow.postMessage({message:"ready",secret:t},"*")},!1)))}(window,document);
//# sourceURL=https://www.lucie-hauri.com/wp-includes/js/wp-embed.min.js
</script>

Palma de Mallorca ist in vielerlei Hinsicht einen Besuch wert. Die charmante Inselhauptstadt bietet ein ganz besonderes Flair. Das spiegelt sich auch in der vielfältigen Architektur wieder, denn die Insel stand unter dem Einfluss vieler verschiedener Kulturen. Gestaltet von Römern, Katalanen, Arabern und Italienern entstand der größte zusammenhängende Altstadtkern Europas, der nie durch Kriege zerstört wurde. Entsprechend fühlt man sich in den gemütlichen engen Gassen, den verschiedenen Plätzen und dem Meer von historischen Gebäuden, Kirchen und Kapellen wie in eine andere historische Zeitepoche zurückversetzt. Besonders kennzeichnend für das Stadtbild Palmas sind die sogenannten Patios. Hier im Zentrum der Stadt gibt es unzählige dieser wunderschön gestalteten Innenhöfe in allen erdenklichen Stilrichtungen. Wer die touristischen Routen verlässt und einmal in das Wirrwarr der kleinen Gassen rund um die Kathedrale eintaucht, wird sich schnell beim Anblick der romantischen Patios verlieren. Man staunt, wie vielfältig und liebevoll die Mallorquiner ihre hübschen kleinen Innenhöfe gestaltet haben. Hier spaziert man entlang lichtdurchfluteter Freisitze oder mit dichten blühenden Pflanzen und Palmen bewachsenen Mini-Oasen. All diese charmanten Patios haben einige Elemente gemeinsam. Abgeflachte Bögen und Kassettendecken prägen die meisten Innenhöfe. Markant sind auch die hübschen Treppen und hie und da plätschert ein kleiner Brunnen inmitten eines bunten Blumenmeers oder auf einem gepflasterten Plätzchen. Die Fußböden sind in der Regel leicht abgeschrägt. Früher konnte so das Regenwasser in eine Zisterne fließen. Wer genau hinsieht, kann über den Türen kleine, in Stein gehauene, Szenen ausmachen. Früher, als Palma noch nicht so vom Tourismus geprägt war, waren die Patios noch öffentlich zugänglich. In den kühlen, halboffenen Gemäuern trafen sich in der Sommerhitze die Bewohner zum gemeinsamen Weintrinken. Oft wurde hier auch mit Freunden Domino gespielt oder man hielt geschäftliche Besprechungen ab. Leider kann man heute die meisten der Patios nur von außen bewundern, doch der besondere Charme und die außergewöhnliche Atmosphäre wird auch durch die Tore hindurch vermittelt. Seit geraumer Zeit bietet ein Privatunternehmen in Palma auch sogenannte Patio-Touren an, die in der Hochsaison stattfinden. Auf dem Weg kann man beispielsweise den berühmten Ca&#8217;n Oleza Innenhof besichtigen, einen bezaubernden Renaissance-Patio, der im Jahre 1973 zum historisch-künstlerischen Stadtmonument erklärt wurde. Außerdem zu sehen ist der barock-gotische Ca&#8217;n-Oms Patio, der zum Haus des im Jahre 1980 verstorbenen Schriftsellers Llorenç Villalonga gehört.
