{"version":"1.0","provider_name":"Lucie Hauri | Exclusive Real Estate","provider_url":"https:\/\/www.lucie-hauri.com\/de","author_name":"Lucie Haurie","author_url":"https:\/\/www.lucie-hauri.com\/de\/author\/m-wichmann\/","title":"Der K\u00f6nigspalast La Almudaina - Lucie Hauri | Exclusive Real Estate","type":"rich","width":600,"height":338,"html":"<blockquote class=\"wp-embedded-content\" data-secret=\"T8f57G0Sce\"><a href=\"https:\/\/www.lucie-hauri.com\/de\/der-koenigspalast-la-almudaina\/\">Der K\u00f6nigspalast La Almudaina<\/a><\/blockquote><iframe sandbox=\"allow-scripts\" security=\"restricted\" src=\"https:\/\/www.lucie-hauri.com\/de\/der-koenigspalast-la-almudaina\/embed\/#?secret=T8f57G0Sce\" width=\"600\" height=\"338\" title=\"&#8222;Der K\u00f6nigspalast La Almudaina&#8220; &#8211; Lucie Hauri | Exclusive Real Estate\" data-secret=\"T8f57G0Sce\" frameborder=\"0\" marginwidth=\"0\" marginheight=\"0\" scrolling=\"no\" class=\"wp-embedded-content\"><\/iframe><script>\n\/*! This file is auto-generated *\/\n!function(d,l){\"use strict\";l.querySelector&&d.addEventListener&&\"undefined\"!=typeof URL&&(d.wp=d.wp||{},d.wp.receiveEmbedMessage||(d.wp.receiveEmbedMessage=function(e){var t=e.data;if((t||t.secret||t.message||t.value)&&!\/[^a-zA-Z0-9]\/.test(t.secret)){for(var s,r,n,a=l.querySelectorAll('iframe[data-secret=\"'+t.secret+'\"]'),o=l.querySelectorAll('blockquote[data-secret=\"'+t.secret+'\"]'),c=new RegExp(\"^https?:$\",\"i\"),i=0;i<o.length;i++)o[i].style.display=\"none\";for(i=0;i<a.length;i++)s=a[i],e.source===s.contentWindow&&(s.removeAttribute(\"style\"),\"height\"===t.message?(1e3<(r=parseInt(t.value,10))?r=1e3:~~r<200&&(r=200),s.height=r):\"link\"===t.message&&(r=new URL(s.getAttribute(\"src\")),n=new URL(t.value),c.test(n.protocol))&&n.host===r.host&&l.activeElement===s&&(d.top.location.href=t.value))}},d.addEventListener(\"message\",d.wp.receiveEmbedMessage,!1),l.addEventListener(\"DOMContentLoaded\",function(){for(var e,t,s=l.querySelectorAll(\"iframe.wp-embedded-content\"),r=0;r<s.length;r++)(t=(e=s[r]).getAttribute(\"data-secret\"))||(t=Math.random().toString(36).substring(2,12),e.src+=\"#?secret=\"+t,e.setAttribute(\"data-secret\",t)),e.contentWindow.postMessage({message:\"ready\",secret:t},\"*\")},!1)))}(window,document);\n\/\/# sourceURL=https:\/\/www.lucie-hauri.com\/wp-includes\/js\/wp-embed.min.js\n<\/script>\n","thumbnail_url":"https:\/\/www.lucie-hauri.com\/wp-content\/uploads\/2019\/01\/la-almudaina-1.jpg","thumbnail_width":670,"thumbnail_height":303,"description":"Gleich neben der Kathedrale La Seu von Palma thront der m\u00e4chtige Palacio de la Almudaina, der K\u00f6nigspalast der Inselhauptstadt. Wer ein wenig Ruhe abseits vom st\u00e4dtischen Trubel sucht, der kann in den h\u00fcbschen anliegenden G\u00e4rten wunderbar flanieren und etwas entspannen. Doch auch der Palast selbst ist einen Besuch wert. Der un\u00fcbersehbare Palacio de la Almudaina ist eine ehemalige arabische Festung. Im 14 Jahrhundert wurde das eindrucksvolle Bauwerk im Auftrag des K\u00f6nigs Jaume II zum Sommersitz der spanischen K\u00f6nigsfamilie umgebaut. Die Umbauten im gotischen Stil wurden vom bekannten Baumeister Pere Salv\u00e1 durchgef\u00fchrt, der auch f\u00fcr den Bau des Schlosses Bellver verantwortlich zeichnete. Heute dient der Palast dem amtierenden spanischen K\u00f6nig Felipe VI. als Amtssitz w\u00e4hrend der Sommermonate. Zu offiziellen Festlichkeiten oder anderen politischen Anl\u00e4ssen ist der, rund 20.000 Quadratmeter gro\u00dfe, Bau nur bedingt der \u00d6ffentlichkeit zug\u00e4nglich. Jedoch lohnt es sich, an einer F\u00fchrung durch die \u00f6ffentlichen Geb\u00e4udeteile teilzunehmen. So befinden sich im Palacio de la Almudaina wundersch\u00f6n gearbeitete fl\u00e4mische Wandteppiche und Gem\u00e4lde aus dem 16. und 17. Jahrhundert, die einen Teil der spanischen Geschichte darstellen sollen. Imposant sind besonders die Darstellungen der Schlacht vom Lepanto, bei der im Jahre 1571 die Flotten der Spanier und der Venezianer gemeinsam gegen die T\u00fcrken k\u00e4mpften. Weiterhin besichtigt man im Rahmen der F\u00fchrung einen h\u00fcbschen gotischen Salon, der h\u00e4ufig f\u00fcr Empf\u00e4nge genutzt wird. Besonders sehenswert ist die kleine romantische Kapelle Santa Ana. Sie stammt aus dem 14. Jahrhundert. Ihre eindrucksvolle Fassade spiegelt den besonderen Architekturstil der Insel wieder. Der Eingang, im r\u00f6mischen Stil erbaut, zeigt imposante Ornamente, die mit fantastischen Tierabbildern verziert sind. Im Inneren der Kapelle befindet sich ein sehenswertes Bild des mallorquinischen K\u00fcnstlers Rafael Mojer, das er im Jahre 1465 erschuf. Insgesamt verbindet die Anlage maurische und christliche Bauelemente auf harmonische Art und Weise miteinander. Sehenswert ist au\u00dferdem der schattige, arkadenges\u00e4umte Innenhof im gotischen Stil. Aus den Fenstern des Palacio de la Almudaina blickt man auf den wundersch\u00f6n angelegten K\u00f6nigsgarten, der zu einem kleinen Spaziergang einl\u00e4dt. Besonders ins Auge sticht eine Skulptur im &#8222;S&#8217;Hort del Rei&#8220;. Bei diesem au\u00dfergew\u00f6hnlichen Kunstwerk handelt es sich um eine Arbeit des ber\u00fchmten katalanischen Malers, Bildhauers und Grafikers Joan Mir\u00f3."}

Der Königspalast La Almudaina - Lucie Hauri | Exclusive Real Estate

<blockquote class="wp-embedded-content" data-secret="T8f57G0Sce"><a href="https://www.lucie-hauri.com/de/der-koenigspalast-la-almudaina/">Der Königspalast La Almudaina</a></blockquote><iframe sandbox="allow-scripts" security="restricted" src="https://www.lucie-hauri.com/de/der-koenigspalast-la-almudaina/embed/#?secret=T8f57G0Sce" width="600" height="338" title="&#8222;Der Königspalast La Almudaina&#8220; &#8211; Lucie Hauri | Exclusive Real Estate" data-secret="T8f57G0Sce" frameborder="0" marginwidth="0" marginheight="0" scrolling="no" class="wp-embedded-content"></iframe><script>
/*! This file is auto-generated */
!function(d,l){"use strict";l.querySelector&&d.addEventListener&&"undefined"!=typeof URL&&(d.wp=d.wp||{},d.wp.receiveEmbedMessage||(d.wp.receiveEmbedMessage=function(e){var t=e.data;if((t||t.secret||t.message||t.value)&&!/[^a-zA-Z0-9]/.test(t.secret)){for(var s,r,n,a=l.querySelectorAll('iframe[data-secret="'+t.secret+'"]'),o=l.querySelectorAll('blockquote[data-secret="'+t.secret+'"]'),c=new RegExp("^https?:$","i"),i=0;i<o.length;i++)o[i].style.display="none";for(i=0;i<a.length;i++)s=a[i],e.source===s.contentWindow&&(s.removeAttribute("style"),"height"===t.message?(1e3<(r=parseInt(t.value,10))?r=1e3:~~r<200&&(r=200),s.height=r):"link"===t.message&&(r=new URL(s.getAttribute("src")),n=new URL(t.value),c.test(n.protocol))&&n.host===r.host&&l.activeElement===s&&(d.top.location.href=t.value))}},d.addEventListener("message",d.wp.receiveEmbedMessage,!1),l.addEventListener("DOMContentLoaded",function(){for(var e,t,s=l.querySelectorAll("iframe.wp-embedded-content"),r=0;r<s.length;r++)(t=(e=s[r]).getAttribute("data-secret"))||(t=Math.random().toString(36).substring(2,12),e.src+="#?secret="+t,e.setAttribute("data-secret",t)),e.contentWindow.postMessage({message:"ready",secret:t},"*")},!1)))}(window,document);
//# sourceURL=https://www.lucie-hauri.com/wp-includes/js/wp-embed.min.js
</script>

Gleich neben der Kathedrale La Seu von Palma thront der mächtige Palacio de la Almudaina, der Königspalast der Inselhauptstadt. Wer ein wenig Ruhe abseits vom städtischen Trubel sucht, der kann in den hübschen anliegenden Gärten wunderbar flanieren und etwas entspannen. Doch auch der Palast selbst ist einen Besuch wert. Der unübersehbare Palacio de la Almudaina ist eine ehemalige arabische Festung. Im 14 Jahrhundert wurde das eindrucksvolle Bauwerk im Auftrag des Königs Jaume II zum Sommersitz der spanischen Königsfamilie umgebaut. Die Umbauten im gotischen Stil wurden vom bekannten Baumeister Pere Salvá durchgeführt, der auch für den Bau des Schlosses Bellver verantwortlich zeichnete. Heute dient der Palast dem amtierenden spanischen König Felipe VI. als Amtssitz während der Sommermonate. Zu offiziellen Festlichkeiten oder anderen politischen Anlässen ist der, rund 20.000 Quadratmeter große, Bau nur bedingt der Öffentlichkeit zugänglich. Jedoch lohnt es sich, an einer Führung durch die öffentlichen Gebäudeteile teilzunehmen. So befinden sich im Palacio de la Almudaina wunderschön gearbeitete flämische Wandteppiche und Gemälde aus dem 16. und 17. Jahrhundert, die einen Teil der spanischen Geschichte darstellen sollen. Imposant sind besonders die Darstellungen der Schlacht vom Lepanto, bei der im Jahre 1571 die Flotten der Spanier und der Venezianer gemeinsam gegen die Türken kämpften. Weiterhin besichtigt man im Rahmen der Führung einen hübschen gotischen Salon, der häufig für Empfänge genutzt wird. Besonders sehenswert ist die kleine romantische Kapelle Santa Ana. Sie stammt aus dem 14. Jahrhundert. Ihre eindrucksvolle Fassade spiegelt den besonderen Architekturstil der Insel wieder. Der Eingang, im römischen Stil erbaut, zeigt imposante Ornamente, die mit fantastischen Tierabbildern verziert sind. Im Inneren der Kapelle befindet sich ein sehenswertes Bild des mallorquinischen Künstlers Rafael Mojer, das er im Jahre 1465 erschuf. Insgesamt verbindet die Anlage maurische und christliche Bauelemente auf harmonische Art und Weise miteinander. Sehenswert ist außerdem der schattige, arkadengesäumte Innenhof im gotischen Stil. Aus den Fenstern des Palacio de la Almudaina blickt man auf den wunderschön angelegten Königsgarten, der zu einem kleinen Spaziergang einlädt. Besonders ins Auge sticht eine Skulptur im &#8222;S&#8217;Hort del Rei&#8220;. Bei diesem außergewöhnlichen Kunstwerk handelt es sich um eine Arbeit des berühmten katalanischen Malers, Bildhauers und Grafikers Joan Miró.
